0 - 3. Give m(q).
9
Let l(z) = -7*z - 30 + 24 - z**3 + 12*z**2 - 3*z. Determine l(11).
5
Let h(w) = w**3 + w**2 + 3*w + 3. Suppose -2*b + 13 = -5*d, 6 = 3*b + 3*d - 3. Suppose 12 = -2*s + b*q, -s = s + q + 2. Calculate h(s).
-7
Let h be 5*(-2 - -4)/10. Suppose 9 = 2*d + h. Let a(p) = p - 6. What is a(d)?
-2
Let l(d) = -d**2 - d + 3. Let s be ((-4)/(-3))/((-17)/51). Calculate l(s).
-9
Let m be 40/12*9/5. Let o(h) = -h**2 + 6*h + 4. Calculate o(m).
4
Let j(g) be the second derivative of g**7/840 - g**6/360 - g**5/120 + g**4/4 - 3*g. Let d(o) be the third derivative of j(o). Determine d(2).
7
Let a(k) be the first derivative of k**3/3 + 7*k**2/2 + 7*k + 1. Let n(l) = l**2 + 7*l + 7. Let d(u) = -5*a(u) + 6*n(u). Calculate d(-5).
-3
Let c be -1 - (-2 - (-3 - -3)). Let x = c + -3. Let n(s) = s**3 - 2*s - 2. Determine n(x).
-6
Let l(q) = 6*q**2 - 11*q. Let b(k) = -5*k**2 + 10*k. Let x(w) = 5*b(w) + 4*l(w). Determine x(5).
5
Let d(z) = z**3 - 3*z + 3. Let f(o) = 5*o**3 - o**2 - 16*o + 16. Let a(s) = 11*d(s) - 2*f(s). What is a(-3)?
-5
Let z(x) = x - 1. Let r(h) = -h**2 - 9*h - 6. Let v(i) = -r(i) - z(i). Calculate v(-6).
-5
Let o = 6 - 1. Let w(n) = -n**3 + 6*n**2 - 5*n + 5. Let u(p) = 10*p - 2*p**3 - 11 - 12*p**2 + 4*p**3 + 0*p**3. Let c(l) = -3*u(l) - 7*w(l). What is c(o)?
-2
Let g(b) = 7*b**3 + 3*b**2 - b. Let y(j) = -13*j**3 - 5*j**2 + 2*j. Let m(s) = 11*g(s) + 6*y(s). Suppose 3 = 2*r - 3. What is m(r)?
3
Let q(c) = c**3 - c**2 - c. Let s be q(2). Let r(p) be the first derivative of 3*p**2 - 2*p + 3. What is r(s)?
10
Let w be 3/6*-2*0. Let y(l) be the second derivative of l**5/20 - l**4/12 + 11*l**2/2 - 6*l. Determine y(w).
11
Let y(t) = t**2 - 14*t - 14. Let g be y(15). Suppose -r + 0*r - g = 0. Let x(o) = -5*o**3. Calculate x(r).
5
Suppose -20 = -4*m + 8. Let x(n) = -n**3 + 8*n**2 - 6*n - 4. Determine x(m).
3
Let n(b) = b + 10. Let d be n(-8). Let t = 0 + d. Let m(c) = c**3 + c - 1. Determine m(t).
9
Suppose 2 - 6 = 4*f. Let w(j) = 3*j**2 + j + 1. Give w(f).
3
Suppose -y + a + 5 = -0*y, 2*y = -3*a + 5. Let s(l) = -l**3 + 4*l**2 + 2*l + 1. Determine s(y).
9
Suppose c - 2 - 9 = -5*q, 4*c + 3*q = 10. Let w = c - -3. Let s(v) be the third derivative of v**5/60 - v**4/8 + v**3/3 + v**2. Give s(w).
6
Let y(l) = l**3 - 6*l**2 + 3. Let p = 7 - 1. What is y(p)?
3
Let q(o) = -o**3 - 2*o**2 + 1. Let z = 2 + -3. What is q(z)?
0
Let q(o) = -2*o**2 - 1. Let w be q(1). Let p(b) = b + 1. Let z(s) = 2*s. Let l(g) = -3*p(g) + 3*z(g). Determine l(w).
-12
Let c = 17 + -14. Let b(o) = -9*o + c - 4 + 7*o + o**2. Determine b(2).
-1
Let l(m) be the first derivative of 7*m**4/4 + m**3/3 - m - 1. Let x(u) = -35*u**3 - 6*u**2 + 6. Let z(v) = -11*l(v) - 2*x(v). Give z(1).
-7
Let u(l) = l + 2. Let f be u(0). Let j(d) = -4*d - 7*d + 10*d + f. Determine j(6).
-4
Let b(p) be the first derivative of p**4/4 - 4*p**3/3 + p**2 - 4*p - 1. Determine b(3).
-7
Let d(w) = -7*w**2 + 12*w - 5. Let g(n) = 10*n**2 - 18*n + 7. Let o(i) = 7*d(i) + 5*g(i). Give o(6).
0
Let d be (-490)/168 + (-1 - -4). Let t(l) be the third derivative of 0 - l**2 - d*l**5 + 1/2*l**3 + 0*l + 1/12*l**4 + 1/120*l**6. What is t(3)?
-9
Let a(r) be the third derivative of r**5/30 + r**4/8 - r**3/6 + 3*r**2. Determine a(-3).
8
Let i(b) = b**2 - b - 4. Let d be i(3). Let a(h) = 5 - 10*h**2 + 3*h - 6*h**d + 15*h**2. What is a(5)?
-5
Suppose 2*b - 1 = 11. Let g(q) = q - 1. Let j(w) = -5*w + 3. Let a(u) = b*g(u) + j(u). Let r be 5*((-4)/(-5))/(-1). Give a(r).
-7
Suppose -2*i - 2*i - 64 = 0. Let w = i - -14. Let o(l) = 6*l + 3. Determine o(w).
-9
Let w(i) = -2*i + 0 + 0 + 5*i + 2. Let u(t) = t. Let j(b) = 6*u(b) - w(b). Calculate j(-2).
-8
Suppose -31 = -3*d - 10. Let l(q) = q**3 - 8*q**2 + 6*q + 10. Let r be l(d). Suppose r*c + 2*n + 10 = n, 0 = 3*n - 6. Let k(f) = f**2 + 3*f - 2. Give k(c).
2
Suppose -4*k = 4*l - 7*l + 8, 5*l - 6 = 3*k. Let t = -7 - -10. Let m(y) = t + l - 5*y - 4. What is m(1)?
-6
Let z(d) be the third derivative of -d**4/12 + 12*d**2. Let p be 3 - (-2 - 0)/1. Give z(p).
-10
Suppose 5*h - 30 = -5*v, -4*h + 3*v = -h - 6. Let z(u) be the first derivative of 0*u + 0*u**2 - 1/3*u**3 + h. Determine z(-3).
-9
Let a(s) = -s**3 - 6*s**2 - s - 8. Suppose -3*r = 4*o + o + 27, 3*o = 3*r - 21. What is a(o)?
-2
Suppose -8*l = -3*l - 15. Suppose -3*c - 2*p + 10 = 0, -l*c - 3*p = -c - 5. Let k(g) = g**3 - 5*g**2 + 3*g. Determine k(c).
-4
Let o(q) be the second derivative of -q**5/20 + q**4/4 - q**3/2 - q**2/2 + 14*q - 1. Calculate o(3).
-10
Let v(l) be the second derivative of l**3/6 - 3*l**2/2 - 13*l. Let c = -8 - -13. Let r be v(c). Let y(o) = o**3 - 4*o**2 + 4*o - 3. Calculate y(r).
-3
Let n(k) = 5*k - 6*k - 6*k - k**2 + 4 + 4*k. Suppose 0*u = 5*b - 2*u - 63, 4*u = 2*b - 38. Suppose 4*h = -5*s - 23, -h + b = -3*s - 2*h. Calculate n(s).
4
Let v(b) = -2*b**2 + 8*b + 5*b**2 - 2*b**2 - 7 + 4*b**2 - b**3. Determine v(6).
5
Let d be (4 - 2)*9/(-2). Let i = d - -7. Let c(w) = -2*w**3 - 2*w**2 - 3*w - 2. Give c(i).
12
Let s = 0 + 0. Let x(g) = s + 0 - 8*g - 1. Let v = 48 + -47. Give x(v).
-9
Let h(v) = 7*v**2 - v. Let t be (3 - 0)*4/3. Suppose -t*m - 4*a = -16, 4*m - a - 8 = m. Let r = -4 + m. Determine h(r).
8
Let w(d) = -8*d + 9. Let a(k) = -7*k + 8. Let z(n) = 7*a(n) - 6*w(n). Let r(x) = -3*x + 9. Let i(c) = -4*r(c) + 18*z(c). Determine i(-1).
6
Let c(w) be the first derivative of -w**5/120 + 5*w**3/3 + 7. Let o(d) be the third derivative of c(d). Give o(6).
-6
Let h(p) be the second derivative of -p**3/3 + 5*p**2/2 - 13*p. What is h(4)?
-3
Let p(k) be the first derivative of -5 + k - 1/2*k**2. Let r = -17 + 12. Determine p(r).
6
Let d(z) = z + 3. Let v be d(0). Suppose 4*g - v*k + 2 = 0, 0*k + 4*k - 5 = 3*g. Let i(h) = -2*h. Determine i(g).
-2
Let s(w) = -1 + 2*w - 7 + 9 + 0. Calculate s(-3).
-5
Suppose 0 = 3*v - 2*v + 12. Let l = v + 12. Let a(j) be the first derivative of j**3/3 - 7*j - 1. Determine a(l).
-7
Let p(y) = y**2 - 3*y + 2. Let d be 14/8 - (-2)/8. Suppose 5*m = 3*b + 2*b + 20, -2 = d*b. Give p(m).
2
Let y(b) = -b**2 - 5*b + 7. Let j = -3 + -3. Give y(j).
1
Let p(o) = -o**3 + o**2 + 2*o + 3. Let u be -1 + ((-14)/35 - (-22)/5). Determine p(u).
-9
Let f(i) be the first derivative of i**2 - i + 4. Let b(k) = 2*k - 7. Let r be b(6). Suppose 10 + 0 = r*o. Calculate f(o).
3
Let w be 1 - (-3)/(-2)*2. Let k(p) = -p**3 - 3*p**2 + 2*p. Give k(w).
-8
Suppose -12 = -3*a - o, 4*o - 9 = -2*a - 1. Let v(k) = -k**3 - k**2 - 1 - a*k + 5*k + 3*k**2 + 0*k. Calculate v(2).
1
Suppose 3*w - 14 = -2. Let t be 60/(-14) + w/14. Let k(q) = -q**2 - 7*q - 6. Calculate k(t).
6
Suppose 3*q = -4*r + 22, -2*q = -7*q + r + 6. Suppose 0*c = -q*c + 4. Let w(b) = -1 + 2 - b**c + 3. Give w(0).
4
Let s = 67 + -41. Suppose 4*r = -3*b + s, 3*b + r + 2*r = 21. Let h(p) = -1 - 3*p + 0 + b*p + 0*p. What is h(0)?
-1
Let o(l) = -l + 1. Let i be (-40)/(-30) - (-2)/3. What is o(i)?
-1
Let k be 3/(-9) - (-48)/9. Suppose 3*y = -g, 5 - 22 = 2*y - k*g. Let m(n) = -3*n. Calculate m(y).
3
Suppose t + t - 2 = 0. Let k be (3 - t) + (0 - 2). Let p be (12/9 - k)*-3. Let q(v) = v**3 + 4*v**2 - 2. What is q(p)?
-2
Let u(x) be the third derivative of x**2 - 1/8*x**4 + 0*x + 0 + 1/6*x**3. Let n be 1 + 1 + -1 + 0. Determine u(n).
-2
Let k(g) = -6*g**3 - g. Let m(u) = -u**3 - 2*u**2. Suppose -3*r - 5*x = -19, 0*r + 27 = -r + 5*x. Let d be m(r). Let q be (d + -1)/1 - 0. Calculate k(q).
7
Let f(q) = q**2 + 3*q - 2. Suppose -5*d + 334 = -2*p - 28, 3*p + 291 = 4*d. Suppose 13*i + 122 = -73. Let t be 1/(-5) + d/i. Determine f(t).
8
Suppose -6*n = -n - 15. Let a(m) = m**3 - 6 - 7*m**2 + n*m - 3*m + 6*m. Determine a(6).
-6
Let x(b) = -2*b - 1. Let d(c) = c**3 + 3*c**2 + 3*c. Let m be d(-3). Let w be ((-4)/(-6))/(3/m). Let p be x(w). Let t(l) = -l**3 + 2*l**2 + l + 3. Give t(p).
-3
Let j be (-20)/(-110) + (-39)/396. Let v(x) be the second derivative of j*x**4 - x + 1/10*x**5 + 0 + 1/3*x**3 + 3/2*x**2. What is v(-2)?
-13
Let s = 31 - 28. Let f(y) = -5*y + 3. Give f(s).
-12
Let n(c) = c**2 - 5*c - 2. Let a be n(6). Let y(k) = -3*k - 11. Let d(p) = -8*p - 32. Let x(h) = 5*d(h) - 14*y(h). Give x(a).
2
Let c(f) = f**3 + 3*f**2 + f - 3. Let b be c(-3). Let r(a) = a**2 + 5*a - 7. Calculate r(b).
-1
Let d(a) = -4*a + 8. Let t(c) be the first derivative of 5*c**2/2 - 9*c - 1. Let